d 2617640.
40
Calculate the greatest common divisor of 3313 and 2078301221.
3313
Calculate the highest common divisor of 616 and 623166456.
88
Calculate the greatest common divisor of 870 and 107735.
145
What is the highest common factor of 90983216 and 1828?
1828
Calculate the highest common divisor of 49 and 1115695.
7
Calculate the highest common divisor of 504 and 3503472.
168
Calculate the greatest common factor of 37630869 and 92527.
1381
Calculate the greatest common divisor of 546 and 268666008.
78
Calculate the greatest common divisor of 4374 and 1025532.
18
What is the greatest common factor of 2152 and 119000?
8
Calculate the greatest common factor of 22755 and 28517565.
555
Calculate the greatest common divisor of 984 and 476556.
12
What is the highest common factor of 2674 and 1226845907?
1337
What is the greatest common divisor of 122045 and 118580?
385
What is the greatest common factor of 5044 and 3085376?
388
What is the greatest common factor of 93685 and 1202671819?
18737
Calculate the highest common factor of 301 and 1408895.
43
What is the greatest common factor of 35 and 41700085?
35
What is the highest common factor of 74291 and 1883?
7
What is the greatest common factor of 14664741 and 468?
39
What is the highest common divisor of 168 and 1536500?
28
What is the highest common factor of 2537322 and 48?
6
Calculate the greatest common divisor of 3992 and 81886898.
998
What is the highest common factor of 816359 and 3650?
73
What is the highest common factor of 9140 and 18668?
4
What is the greatest common divisor of 1083 and 1653969?
57
Calculate the highest common factor of 177 and 17961.
3
Calculate the greatest common factor of 1278 and 79417334.
142
Calculate the highest common divisor of 20081691 and 609.
21
Calculate the highest common divisor of 1399740 and 6290220.
2460
Calculate the greatest common factor of 8152894 and 366.
122
What is the highest common factor of 39936778 and 332?
166
What is the greatest common factor of 2413 and 23731?
19
Calculate the highest common divisor of 11700776 and 45506.
122
What is the greatest common divisor of 708 and 994917?
177
Calculate the highest common divisor of 34678 and 3584219.
2477
What is the highest common divisor of 33024 and 299059840?
5504
Calculate the greatest common divisor of 506 and 3904868.
22
What is the greatest common divisor of 242284 and 470288?
476
What is the highest common factor of 3482842 and 50138?
1166
What is the greatest common factor of 411533175 and 3525?
3525
Calculate the highest common divisor of 270 and 633170.
10
What is the highest common divisor of 14 and 1243005589?
7
Calculate the highest common factor of 65160 and 450328.
1448
Calculate the greatest common divisor of 15623460 and 116.
116
What is the greatest common factor of 87951 and 1539?
57
Calculate the greatest common divisor of 1316340 and 4118.
142
What is the greatest common factor of 421317 and 2043?
9
Calculate the highest common factor of 4510 and 6958520.
410
What is the greatest common factor of 799929 and 702?
351
Calculate the greatest common factor of 3955 and 5718139.
791
Calculate the greatest common factor of 1922250 and 5830.
110
Calculate the highest common factor of 181269486 and 23.
23
What is the highest common factor of 37935602 and 598?
46
Calculate the greatest common factor of 4001517 and 29601.
2691
Calculate the greatest common divisor of 584056 and 26576.
88
Calculate the highest common factor of 160 and 17255104.
32
What is the greatest common divisor of 1755 and 561724605?
1755
What is the highest common factor of 14862282 and 111858?
618
What is the greatest common divisor of 8227668 and 6372?
708
What is the highest common factor of 204459 and 98838?
969
Calculate the greatest common factor of 988 and 13072709.
13
Calculate the highest common divisor of 3396505 and 2065.
35
Calculate the highest common factor of 39553582 and 3286.
3286
Calculate the highest common divisor of 263 and 63416401.
263
Calculate the greatest common factor of 66 and 39975881.
11
Calculate the highest common factor of 189105 and 199290.
105
What is the highest common factor of 29008 and 237392?
592
Calculate the highest common divisor of 1193901 and 15573.
87
What is the greatest common factor of 1116762 and 62375?
499
Calculate the highest common divisor of 436605 and 12975.
15
What is the highest common factor of 44 and 451847055?
11
What is the highest common divisor of 194 and 131461966?
194
What is the highest common divisor of 3262 and 24170954?
466
What is the highest common divisor of 390017 and 85433?
37
What is the greatest common factor of 8640 and 4538700?
540
Calculate the greatest common factor of 458784 and 44.
4
What is the highest common factor of 1404238 and 58?
58
Calculate the greatest common divisor of 6428638 and 6394.
46
Calculate the greatest common factor of 22406 and 21579614.
1318
What is the greatest common divisor of 4448 and 10993788?
556
What is the greatest common factor of 2383194 and 33?
33
Calculate the highest common factor of 62658 and 249098.
118
Calculate the greatest common factor of 2311868 and 32292.
1196
What is the highest common divisor of 22380 and 1846723?
373
Calculate the greatest common divisor of 139334 and 35882.
466
What is the highest common divisor of 31092930 and 103455?
9405
Calculate the greatest common divisor of 40921944 and 168.
168
What is the greatest common factor of 470505 and 987?
21
What is the greatest common divisor of 76 and 9236527?
19
Calculate the greatest common factor of 1858284 and 205164.
1476
What is the highest common factor of 12582 and 1148634?
54
What is the highest common divisor of 16214 and 1707830?
134
What is the greatest common factor of 23891210 and 35?
35
Calculate the greatest common factor of 2269968 and 216.
24
What is the highest common divisor of 14747185 and 982?
491
Calculate the greatest common factor of 20516232 and 1122.
66
What is the greatest common divisor of 3406 and 1655447?
131
Calculate the highest common factor of 2140 and 16059737.
107
What is the greatest common divisor of 10522541 and 3293?
37
Calculate the highest common factor of 2164753010 and 70.
70
Calculate the highest common factor of 14629830 and 645.
15
What is the greatest common factor of 89481285 and 22185?
765
Calculate the greatest common divisor of 632877 and 12894.
21
Calculate the highest common factor of 4500 and 16219750.
250
Calculate the highest common divisor of 13 and 154276395.
13
What is the highest common factor of 121446 and 105703?
2249
What is the highest common factor of 817560 and 1998?
54
Calculate the greatest common divisor of 204 and 9294988.
68
What is the greatest common divisor of 374244 and 258804?
156
What is the greatest common divisor of 104436715 and 218?
109
What is the greatest common factor of 1962703 and 25234?
31
Calculate the highest common divisor of 14073801 and 35931.
1239
Calculate the highest common factor of 148343 and 1573.
13
What is the highest common factor of 129284914 and 2332?
1166
What is the greatest common divisor of 3880 and 738445480?
3880
Calculate the highest common factor of 146625 and 6885.
255
What is the highest common factor of 2505 and 2580870?
15
What is the greatest common divisor of 52038 and 71390?
118
Calculate the greatest common divisor of 11726 and 6640975.
451
What is the greatest common divisor of 34765 and 202304488?
6953
Calculate the highest common factor of 83706718 and 938.
134
What is the highest common factor of 6444 and 48384?
36
What is the greatest common divisor of 6269958 and 115404?
978
What is the highest common factor of 563176 and 362?
2
Calculate the highest common factor of 9 and 203567841.
9
Calculate the highest common factor of 14907415 and 270.
5
Calculate the highest common factor of 39198 and 4584756.
282
Calculate the highest common factor of 51428 and 1325948.
2236
What is the greatest common divisor of 20975272 and 1312?
328
What is the greatest common divisor of 7110 and 19172905?
395
What is the greatest common factor of 15158 and 1299584?
286
What is the highest common factor of 54520081 and 231?
77
What is the greatest common divisor of 14944 and 80000?
32
Calculate the greatest common factor 